he units digit of n?
8
Let q(g) = 11*g - 1. Let b be q(-2). Let o(j) = -4*j - 39. What is the units digit of o(b)?
3
Suppose -14 = 4*v + 2. Let b(w) = -18*w - 10. What is the units digit of b(v)?
2
Let t = 260 + -84. What is the tens digit of t?
7
Let y(x) = 5*x**2 - 7*x - 1. What is the tens digit of y(6)?
3
Suppose n - 2*a - 13 = 0, -5 = 5*n - 0*a + 4*a. Suppose -d + n*d = 4*w - 728, 5*w = d + 916. What is the tens digit of w?
8
Let k(v) = v**2 + 15*v + 4. What is the hundreds digit of k(12)?
3
What is the units digit of (-18216)/(-12)*2/6?
6
Let v be 2 - ((4 - 0) + -8). Let t(b) = 5*b**2 - 2*b - 24. What is the units digit of t(v)?
4
What is the hundreds digit of 119/(((-4)/(-3))/4)?
3
Let s = -25 - -31. Suppose s*v - 15 = 5*v. What is the tens digit of 8*(v/6 - 1)?
1
Suppose -24*v + 30*v - 60 = 0. Suppose 7 = 3*o - 5. Suppose o*b = 2 + v. What is the units digit of b?
3
Suppose 0*o = -5*o + 140. Let b = -93 - -96. Suppose -3*z - 3 = -4*z + 2*t, -z - b*t = -o. What is the units digit of z?
3
Suppose -3*v + 4*i + 658 = 0, v + v - 436 = 2*i. What is the tens digit of v?
1
Let v = -7 + 11. Suppose 4*r - 6 = -3*j - r, -v*j + 34 = -2*r. Suppose g = -j + 10. What is the units digit of g?
3
What is the units digit of 1690/10 + 0*(-2)/(-6)?
9
Suppose 359*b = 350*b + 4806. What is the tens digit of b?
3
Let t be (-40)/(-30)*(-36)/2. Let l be (-57)/4 - 6/t. What is the units digit of (-208)/l - 4/(-28)?
5
Let y(h) = h**2 - 12*h - 18. Let p be y(16). Let k = 8 + p. Let g = k - 29. What is the tens digit of g?
2
Suppose -5*z - 5*p - 175 = 0, -3*z + 0*p - 5*p - 95 = 0. Let d = z + 99. What is the units digit of d?
9
Suppose 4*s - w + 2*w = -338, -5*s = -5*w + 410. What is the units digit of 1/((-6)/s)*(5 + 0)?
0
Suppose -2*g + 114 - 4 = 0. Suppose -3*n = -g - 83. What is the tens digit of n?
4
Suppose -10*q = -2*q - 24. Suppose -q*f - 2*o - 175 = -959, 5*f - 1312 = 2*o. What is the tens digit of f?
6
Suppose -8 = 2*d + 4*t - 18, -5*d + 2*t = -49. Suppose d = -4*n + 29. Suppose -15 = -3*q, -4*l + n*q = l - 145. What is the units digit of l?
4
Let g(w) = -303*w - 98. What is the units digit of g(-10)?
2
Let d = -191 + 3763. What is the hundreds digit of d?
5
What is the tens digit of 475371/156 - (-2)/(-8)?
4
Suppose -2*l + 2*m + 2 + 6 = 0, 3*l - 19 = -4*m. Suppose 4*i - 86 = -0*f + 2*f, l*i = -5*f + 85. What is the tens digit of i?
2
Let p = -2558 + 3868. What is the tens digit of p?
1
Let d = 20 + 18. Suppose -4*q + d = 5*t - 3*t, -2*t = 5*q - 43. Let l = t - 8. What is the units digit of l?
1
Suppose g + 5*z - 444 = 20, 5*g - 3*z = 2404. What is the hundreds digit of g?
4
Let z(x) = x**3 + x**2 - 3*x + 3. Let r = -45 + 67. Let m be 14/(-21) + r/6. What is the units digit of z(m)?
0
Let x(y) = -y**2 + 24*y + 17. What is the units digit of x(16)?
5
Let s(o) = -78*o - 3. What is the units digit of s(-4)?
9
Let w = 99 - -334. What is the tens digit of w?
3
Let b = -18 + 28. Suppose -b*v - 16 = -14*v. Suppose v*x + 282 = 10*x. What is the tens digit of x?
4
Suppose 5*y - 6*y + 2 = 0, 3*x + 4*y - 644 = 0. What is the tens digit of x?
1
Let o(u) = -4*u - 7. Let q be o(-7). Let p be (18/(-21))/((-6)/q). Suppose 0 = 4*v - g - 64, p*v - 41 - 7 = 2*g. What is the units digit of v?
6
What is the units digit of (-1 + (-5 - (-65)/10))*3338?
9
Let q = 0 - -3. Suppose -r - q*r - 20 = -4*h, -2*r - 2*h = -10. Suppose 0 = -5*a - 15, 4*a - 30 = -r*w - 2*w. What is the tens digit of w?
2
Let l(t) = -138*t**2 - 2*t + 2. Let b(m) = 2345*m**2 + 35*m - 35. Let h(r) = -2*b(r) - 35*l(r). Let d be h(1). Let i = 208 - d. What is the tens digit of i?
6
Let o(q) = -q**3 - 8*q**2 + 4*q + 21. Let p be (-760)/75 - (-6)/45. What is the tens digit of o(p)?
8
Let r(j) = 95*j**2 + 39*j + 9. What is the hundreds digit of r(-4)?
3
Let o = 1573 + -319. What is the units digit of o?
4
Let x be 40/16*(1 - -1). Suppose -4*f + x*y = -6*f + 25, 3*y = 15. Suppose f*w = 3*w - 39. What is the tens digit of w?
1
Let r be -2 - 6*4/(-8). Suppose r = -3*l + 5*s, 0*s = 4*l - 5*s - 2. Suppose -44 = -u - l*u + 3*q, -20 = -4*u - 3*q. What is the units digit of u?
8
What is the hundreds digit of 4856/14 - 19/(-133)?
3
Let q(t) = 458*t - 137. What is the tens digit of q(9)?
8
Let v(f) = f**3 - 1. Let i be v(1). Suppose 9*a + 90 = 135. Suppose -a*y = -i*y - 40. What is the units digit of y?
8
Let w be (0/(-7 - -4))/((-1)/1). Suppose 4*u - 220 - 500 = w. What is the tens digit of u?
8
Suppose 6*f = -0*f + 12. Suppose f*k - 116 = -2*n, n - 5*k - 18 = 16. What is the tens digit of n?
5
Let k(h) = h**3 + h**2 + 2*h + 498. Let t be k(0). What is the tens digit of 3/(-9) - (-1)/(9/t)?
5
Suppose -s + 43*f - 48*f + 194 = 0, f + 550 = 3*s. What is the units digit of s?
4
Let h(j) = -j**3 + 11*j**2 - 9*j - 9. Let n be h(10). Let f be 2 - (0/n + 0). What is the units digit of f/10 - (-102)/15?
7
Suppose 5*o = 4*n + 87 + 361, 4*n + 8 = 0. What is the units digit of o?
8
Let g = 10 + -8. Let u be g - (-6)/(-3) - 3. What is the units digit of (u/(-6))/((-2)/(-28))?
7
Let v = 173 - -13. Suppose -q + v = 2*q. What is the units digit of q?
2
Suppose 0 = -4*f + 246 + 390. Let m = f + -78. What is the tens digit of m?
8
Let b(a) be the second derivative of 5/3*a**3 + 1/2*a**2 + 0 + 9*a. What is the units digit of b(2)?
1
What is the tens digit of (-10632)/30*135/(-36)?
2
Let j(p) be the first derivative of 17*p**4 - 3*p**2/2 + 2*p + 18. What is the tens digit of j(1)?
6
Suppose 4*u - 146 = -5*h + 2*h, -4*u + 5*h = -130. Suppose -2*f - 3*f + u = 0. Suppose x + 234 = f*x. What is the tens digit of x?
3
Let b(g) = 15*g - 7. Let y be b(-6). What is the units digit of 7*(10/(-14) - -1) - y?
9
Let b(p) = 7*p**2 + 12*p + 106. What is the hundreds digit of b(-21)?
9
Let j(i) = i**3 - 3*i**2 + 4*i - 2. Let m be j(2). Let o(u) be the first derivative of 5*u**3 - u**2 - u - 50. What is the tens digit of o(m)?
5
Let l(b) = -3*b - 12. Let d(c) = -c**2 + c. Let v be d(-2). Let u be l(v). Suppose -u*i + 75 = -243. What is the tens digit of i?
5
Suppose 3*h - 12 = 0, -3*o - h = -2*o + 7. Let s(f) = -f - 16. Let q be s(-11). What is the tens digit of q*o/(44/24)?
3
Let h(l) = -l**3 + 3*l + 1. Let f be h(-2). Suppose 0 = -r - 2*j - 119 + 47, -207 = f*r - 3*j. What is the tens digit of 28/r - 222/(-5)?
4
Suppose 0 = -28*y + 25*y + 1608. What is the units digit of y?
6
Let o = -926 + 1826. Suppose 0 = 3*c + 3*c - o. What is the tens digit of c?
5
Let k(u) = 537*u**2 - 21*u + 12. What is the thousands digit of k(3)?
4
Let o(i) = 44*i - 1. Let g be o(1). Suppose g = 3*k - 2. Suppose -5*b - k = 0, 2*t - b + 43 = 4*t. What is the tens digit of t?
2
Suppose 85*w + 55984 = 101*w. What is the tens digit of w?
9
Let n = -1134 - -2685. What is the hundreds digit of n?
5
What is the tens digit of (13 + 164/(-12))*(-522)/4?
8
Let y(v) = 5*v**3 - 21*v**2 - 3*v - 15. What is the thousands digit of y(10)?
2
Let w = -32 + 36. Suppose 9*d - w*d = 150. What is the units digit of d?
0
Let h = -698 + 748. What is the units digit of h?
0
What is the hundreds digit of 4504/12 + (-8)/6?
3
Let d be -4 - 1*(-4 - 3). Let t = d + 51. What is the tens digit of t?
5
Let l be 4 + -8 + 8/1. Suppose -p + 5*d + 181 = 3*p, 0 = -p + l*d + 37. What is the tens digit of p?
4
Suppose -7*b = -29684 - 9922. What is the units digit of b?
8
What is the units digit of 8/((-256)/48) - 63/(-2)?
0
Let j = 269 - -114. Suppose -5*y + 3*r = -751, 2*y + r = -87 + j. What is the tens digit of y?
4
Let d(m) = 3*m**2 + 6*m - 22. What is the units digit of d(-13)?
7
Let b(m) = 3*m**2 + m. Suppose 3*p - 3*s = 15, -3*p + 4*p + 4*s = 10. Suppose p*j = -10 + 4. What is the units digit of b(j)?
2
Suppose -f = -4*o + 1636, 1636 = 4*o - 2*f + 6*f. What is the hundreds digit of o?
4
Let z(o) = 7*o**3 + 11*o**2 - 24*o + 7. What is the hundreds digit of z(5)?
0
Let d be ((-4)/(-10))/(6/30). Let q = d - -2. Suppose -q*r = -6 - 10, 2*r = y - 2. What is the units digit of y?
0
Let m(q) = 10*q**2 - 11*q - 14. Let t be m(-4). Suppose t = 4*b - 74. What is the units digit of b?
6
What is the tens digit of (-2580)/(-28) - (4 - (-136)/(-28))?
9
Suppose -t + 150 = -175. What is the hundreds digit of t?
3
Let x(a) = -3*a. Let g be (-5)/10 + 6/(-4). Let b be x(g). Suppose v - 49 = r - b*r, -2*r = -4*v - 2. What is th